k + 3. Let m be i(2). What is the highest common factor of m and l?
17
Let w(y) = -y + 1. Let o be w(3). Let p be o - -125 - -1 - 2/(-1). What is the highest common divisor of p and 42?
42
Suppose -3*h = 8*b - 6*b - 36, b = 3*h + 18. Calculate the greatest common divisor of 702 and b.
18
Suppose 0 = 5*c - 5*l - 30, -3*l = c + 13 + 1. Let s(q) = -4*q + 2 - 5*q + 4*q + 4*q**2 + 0. Let g be s(2). Calculate the highest common divisor of c and g.
1
Let h be 1*-26*5 + (-3)/(-3). Let t = 239 + h. Calculate the greatest common divisor of 11 and t.
11
Let w(z) = 3*z**3 - 16*z**2 - 19*z + 135. Let n be w(5). Let q = 0 + 3. Calculate the highest common factor of q and n.
3
Suppose 15*p - 927 = 48. Suppose -32 = -4*k + 3*t + 536, -568 = -4*k - 2*t. Suppose 0 = -3*a + p + k. What is the highest common factor of 46 and a?
23
Let z(v) = 224*v**3 + 2*v**2 - 4*v + 3. Let q be z(1). Calculate the highest common divisor of 50 and q.
25
Suppose 5*a - 1 = -g, -4*a + 49 = 5*g - a. Suppose -3*t - 2*t = -495. What is the greatest common divisor of g and t?
11
Suppose 4*k + 10 = 450. Let x(u) = u**3 + 5*u**2 - 7*u - 2. Let w be x(-6). Suppose w*t = 5*t - 10. What is the highest common factor of t and k?
10
Let n be 60*(-1)/6*-3. Let b(o) = -o**3 + 5*o**2 + 10*o - 18. Let w be b(6). What is the greatest common factor of w and n?
6
Suppose 4*w - 56 = -4. Let t = 60 - -18. Calculate the highest common divisor of w and t.
13
Suppose 12*i = 82 + 458. Let m(s) = s + 14. Let y be m(-11). Suppose v = p - y*p + 28, 4*p = 3*v + 66. Calculate the greatest common factor of i and p.
15
Let b be 114/16 + (-12)/96. Suppose 3*j - 3*r = 4*j - b, -3 = -j - r. Suppose -14*y = -4*y - 70. Calculate the greatest common divisor of y and j.
1
Let m = -114 - -172. Suppose 7*j - m = 26. What is the highest common divisor of 48 and j?
12
Suppose -20 = -3*i - 2*i. Suppose -c + 90 = -6*c. Let w be (-520)/(-72) + i/c. What is the greatest common divisor of w and 28?
7
Suppose 0 = -30*v + 28*v + 6. Let r = 11 + -8. Suppose -j + v*h = -13, r*h - 2*h + 9 = j. Calculate the highest common divisor of 28 and j.
7
Let u = -69 + 74. Let t(z) be the second derivative of 20*z**3/3 - 2*z. Let b be t(1). Calculate the highest common factor of u and b.
5
Let z = 16 + -10. Let l be (26/39)/((-1)/(-6)). Suppose -n - 2*y = -3, -n - 4*n + 15 = l*y. What is the greatest common divisor of z and n?
3
Suppose -5*o = -c + 121, 3 = -33*o + 34*o. What is the highest common factor of 104 and c?
8
Let v be (-8)/24*15 + 36. What is the highest common divisor of 279 and v?
31
Let m(t) = 3*t**3 - 9*t**2 + 10*t. Let a be m(2). Calculate the highest common factor of 2 and a.
2
Suppose 152*r - 60 = 150*r. Let s be (-4 + 1)*(-2)/3. Suppose -s*b - 219 = -3*k, 5*k - 353 - 31 = -3*b. Calculate the highest common divisor of r and k.
15
Let u(j) = j**3 + 8*j**2 + 5*j. Let c be u(-5). Suppose 0 = -13*t + 8*t + c. What is the highest common factor of t and 2?
2
Let b be ((-4)/(-10))/(21/105). Suppose 7*i = 33 + 79. Calculate the highest common divisor of b and i.
2
Let x(a) = 7*a**2 + 8*a - 42. Let k be x(7). What is the greatest common divisor of k and 84?
21
Let w be (10 - 10/(-6)*-3) + 283. Calculate the greatest common divisor of w and 36.
36
Suppose -4*i + 3*i = -4*z - 12, 5*i - 3*z = 77. What is the highest common factor of 400 and i?
16
Suppose -i + 5*w = -12, 3*i - 2 = -2*i - 4*w. Suppose i*o + 3 = 141. What is the greatest common factor of 46 and o?
23
Suppose -4*m = 4*u + 88, -38 = 4*m + u + 35. Let w = -13 - m. Suppose -2*a - 5*r = -4 - 2, -w*r + 32 = 5*a. What is the highest common divisor of a and 2?
2
Suppose -6 = -2*a, -2*a - 1924 = -4*w + 202. What is the highest common factor of w and 82?
41
Let o be (-48)/(-5) - (-96)/(-160). What is the highest common factor of o and 99?
9
Suppose -c = 5*c + 4*c - 80. Suppose 3*x = -q - 0*q, -q + 3*x + 6 = 0. Let p = 7 - q. Calculate the greatest common divisor of p and c.
4
Suppose -p + 62 = -5*b, -48 = p + 2*b - 124. Calculate the greatest common divisor of 408 and p.
24
Suppose -132*d - 9 = -133*d + j, 0 = -2*j + 14. Let s be 18/5 - (-2)/5. What is the highest common divisor of d and s?
4
Let b be -5 - 2 - (-1 - 0 - 489). Calculate the highest common divisor of 7 and b.
7
Suppose -4*u - 3*y = 2*y - 64, 4*u - 60 = -4*y. Suppose -2*c - w + 24 + 177 = 0, 0 = 3*c + 2*w - 303. Calculate the highest common divisor of c and u.
11
Let o(d) = -6*d - 2. Let s(i) = 2*i - 5. Let t be s(-2). Let n be o(t). Let k = -95 + 225. Calculate the highest common divisor of k and n.
26
Suppose 0 = 4*u - 3*l - 55, -u + 4*l = 3*l - 15. Suppose -4*a - 160 = -520. What is the highest common factor of a and u?
10
Let j = 29 + -23. Suppose 5*k + 4*y - 92 = 0, j*y = 3*k + 2*y - 36. Calculate the greatest common factor of 40 and k.
8
Suppose w - 62 = -3*p, -55 - 55 = -5*p - 3*w. Suppose p = g - 0*g. Suppose -27*o + 1395 + 144 = 0. Calculate the highest common divisor of o and g.
19
Let l(h) = h + 4. Suppose -2*k = y - 10 - 10, 0 = 3*y. Let t(m) = -m + 8. Let w be t(k). Let i be l(w). What is the highest common factor of 22 and i?
2
Let i be 4*(3 + -4) + 6. Suppose -2*v = -c + i*c - 6, -18 = -5*v - 4*c. What is the greatest common divisor of v and 18?
2
Let t(y) = 0*y + 30 + y + 27 + 0. Let v be t(0). Calculate the greatest common divisor of v and 38.
19
Let s = 27 + -75. Let x = s - -103. Suppose 0 = -3*g + 45 - 12. Calculate the highest common factor of g and x.
11
Let t(i) be the first derivative of -i**4/4 - 3*i**3 + 13*i - 2. Let v be t(-9). What is the greatest common divisor of 26 and v?
13
Suppose 0 = 6*l - 4*l + 84. Let y = l - -87. What is the greatest common divisor of 15 and y?
15
Let t be 40*(0 - -1) - -2. Let h(w) = w + 31. Let l be h(9). Let n be 3/(12/l) + 4. Calculate the greatest common factor of n and t.
14
Suppose -1436 = -4*m + 4*b, b - 329 - 34 = -m. What is the greatest common divisor of m and 19?
19
Let s = 139 - 51. Calculate the highest common factor of s and 77.
11
Suppose -2 + 5 = -3*o - 3*h, -2*o = -4*h - 16. Suppose 0 = c - 2 - o. Let d(t) = 29*t + 1. Let k be d(c). What is the greatest common divisor of 13 and k?
13
Suppose -5*d - 3*y + 159 = -d, 3*d + 5*y - 133 = 0. Let i = 10 + d. Suppose 5*o - 24 - i = 0. Calculate the highest common factor of 14 and o.
14
Let o be ((-24 - 3) + 0)*1. Let j = -17 - o. Let i(b) = -b + 20. Let n be i(j). What is the greatest common divisor of n and 80?
10
Let s be ((-330)/(-99))/((-2)/(-3)). Calculate the greatest common factor of s and 335.
5
Let a(m) be the second derivative of 2*m**3/3 - m**2/2 - 15*m. Let w be a(4). What is the highest common factor of w and 5?
5
Let r = -12 - -8. Let g be r/(-4)*2*5. Suppose -44 - g = -c. Calculate the highest common factor of c and 36.
18
Let c be (1/1)/(1/8). Let v(r) = -r**2 + 20*r + 45. Let i be v(22). Let x be 19 - (-3)/(-1)*i. What is the greatest common factor of c and x?
8
Suppose 6 = 4*t - 78. Let y = t - 2. Calculate the highest common factor of 171 and y.
19
Let w(v) = -11*v - 29. Let n(j) = -j**2 + 12*j - 31. Let o be n(9). Let s be w(o). What is the greatest common factor of 300 and s?
15
Suppose -5520 = -o - 4*o. What is the greatest common divisor of 48 and o?
48
Let t be ((-6)/3 + 24/18)*-57. Calculate the highest common divisor of 152 and t.
38
Let i(u) = -4 + u**2 - 4 + 6 - 4*u. Let n be i(6). Let a be (2 - 3)/((-1)/n). Calculate the highest common factor of a and 10.
10
Suppose 0 = -5*c - c + 1410. Suppose 7*f - c = 129. What is the highest common divisor of f and 13?
13
Suppose 51*x - 36*x = 285. What is the highest common factor of x and 551?
19
Let u = 188 + -174. Calculate the greatest common factor of 21 and u.
7
Let t be (-48)/(-28) - 6/(-21). Let h(r) = 6*r**2 - 2*r - 2. Let z be h(t). Suppose -2*k - k = -z. What is the highest common divisor of k and 2?
2
Let g(b) = -14*b + 10. Let a be (10/(-3))/(50/75). Let p be g(a). Calculate the greatest common factor of p and 16.
16
Let p(h) = -7*h + 12. Let n be p(-5). Let v = n - 20. Calculate the greatest common factor of 18 and v.
9
Let t = -551 - -1860. What is the greatest common factor of t and 154?
77
Suppose 214 = -4*h + 222. Calculate the greatest common factor of h and 34.
2
Let f(y) = 27*y**2 + 23*y + 90. Let n be f(-3). Let w(k